02 and 104148?
198
Calculate the greatest common factor of 1343 and 9469.
17
Calculate the highest common divisor of 218240 and 3604370.
3410
What is the greatest common divisor of 112 and 187236?
28
What is the highest common divisor of 14868 and 6009858?
1062
What is the highest common factor of 119325 and 27993?
129
Calculate the greatest common factor of 30634390 and 322.
46
Calculate the greatest common divisor of 23896 and 4088536.
232
Calculate the highest common divisor of 356693150 and 11.
11
What is the highest common factor of 69602 and 9919?
13
Calculate the greatest common factor of 2511 and 3990942.
9
What is the highest common divisor of 12046242 and 1638?
78
Calculate the highest common divisor of 196570 and 206470.
110
Calculate the greatest common factor of 344161944 and 18.
18
Calculate the highest common factor of 15810293 and 2.
1
Calculate the greatest common divisor of 31 and 30674438.
31
What is the greatest common factor of 1218 and 122997?
21
Calculate the highest common divisor of 10662 and 109710.
6
Calculate the greatest common divisor of 455 and 25782965.
65
Calculate the greatest common factor of 3443188 and 252.
28
What is the highest common factor of 28 and 19679926?
14
Calculate the highest common factor of 100800 and 6504640.
320
What is the greatest common divisor of 195746 and 43262?
194
Calculate the highest common divisor of 146064 and 888198.
1074
What is the greatest common factor of 605 and 201340?
5
What is the highest common factor of 1550 and 2041150?
50
Calculate the greatest common factor of 53835 and 235505.
185
What is the greatest common divisor of 16205319 and 432?
27
Calculate the greatest common divisor of 18440374 and 5204.
2602
Calculate the greatest common factor of 2239524 and 25200.
252
What is the greatest common divisor of 398621557 and 41?
41
Calculate the highest common divisor of 6742139 and 662.
331
What is the greatest common factor of 265 and 871234670?
265
What is the greatest common divisor of 94428 and 338916?
732
Calculate the highest common factor of 993342 and 9170826.
2814
Calculate the greatest common factor of 18184 and 776.
8
Calculate the greatest common divisor of 283 and 326087316.
283
What is the greatest common divisor of 3407047 and 7?
7
Calculate the highest common factor of 18824 and 736.
8
What is the greatest common factor of 128 and 1080771968?
128
What is the highest common factor of 13485 and 540795?
465
What is the greatest common divisor of 11070604 and 852?
284
What is the greatest common divisor of 98 and 3075471?
7
Calculate the highest common divisor of 37909170 and 135.
45
Calculate the greatest common divisor of 128345 and 96031396.
3667
Calculate the greatest common factor of 33602930 and 3810.
1270
What is the greatest common divisor of 31407 and 566979?
1653
Calculate the greatest common factor of 31826115 and 225.
45
Calculate the highest common divisor of 1218214 and 2.
2
What is the greatest common factor of 444341895 and 30?
15
What is the greatest common factor of 48300 and 12215?
35
Calculate the highest common divisor of 580532685 and 1185.
1185
What is the greatest common divisor of 2286 and 11532362?
254
Calculate the greatest common divisor of 430490376 and 192.
24
Calculate the greatest common divisor of 1416 and 1384612.
236
Calculate the greatest common factor of 563350 and 9728.
38
What is the greatest common divisor of 2304 and 12875076?
36
Calculate the greatest common factor of 12 and 66550758.
6
What is the highest common divisor of 63802 and 2484782?
874
What is the greatest common factor of 36530351 and 1755?
13
Calculate the greatest common divisor of 175175858 and 52.
26
What is the highest common factor of 725305 and 46529?
2737
What is the highest common factor of 3465 and 15784125?
105
Calculate the greatest common factor of 837438 and 527049.
471
Calculate the greatest common divisor of 136 and 15800792.
8
Calculate the highest common factor of 2688 and 21358344.
168
Calculate the greatest common factor of 12121937 and 1211.
173
Calculate the highest common factor of 40384 and 17668.
2524
What is the greatest common divisor of 1368 and 1436134?
38
What is the greatest common factor of 280158832 and 16?
16
What is the highest common factor of 29559 and 65936276?
9853
What is the highest common factor of 322754746 and 33194?
4742
What is the greatest common divisor of 1424 and 79136?
16
Calculate the greatest common divisor of 2091 and 25909581.
2091
Calculate the greatest common factor of 205 and 7886678.
41
Calculate the highest common factor of 1039383 and 2703.
159
Calculate the highest common divisor of 1023919 and 15405.
1027
What is the highest common factor of 84082476 and 816?
204
Calculate the highest common factor of 9400 and 207000.
200
Calculate the highest common divisor of 517156407 and 243.
81
Calculate the highest common divisor of 147 and 472523709.
147
What is the greatest common factor of 8412 and 241906688?
2804
What is the highest common factor of 11708 and 23500883?
2927
What is the highest common factor of 261984109 and 1945?
389
What is the highest common divisor of 254 and 22008211?
127
What is the highest common divisor of 39 and 2053281?
3
What is the highest common divisor of 620414 and 102247?
1733
What is the greatest common factor of 1158496 and 27373?
883
Calculate the greatest common factor of 3196736327 and 10069.
10069
What is the greatest common divisor of 43729693 and 15134?
7567
Calculate the highest common factor of 4128436 and 1989.
13
Calculate the highest common divisor of 14264150 and 6300.
50
What is the greatest common factor of 1503375 and 218385?
3165
Calculate the highest common factor of 26976436 and 26300.
1052
Calculate the greatest common factor of 34 and 34011798.
34
Calculate the highest common factor of 140978025 and 1530.
765
What is the greatest common factor of 145 and 6695230?
145
What is the greatest common divisor of 113833740 and 15?
15
Calculate the greatest common factor of 5782 and 25471866.
98
Calculate the greatest common factor of 12 and 172115124.
12
Calculate the greatest common divisor of 318859 and 73056.
761
What is the greatest common factor of 11313846 and 216?
18
Calculate the highest common divisor of 12056833 and 9924.
827
What is the highest common divisor of 90 and 10645055?
5
What is the highest common divisor of 5108 and 207790886?
2554
Calculate the greatest common divisor of 1105 and 18496855.
65
Calculate the highest common divisor of 5010 and 7422482.
334
What is the greatest common factor of 6622 and 606773?
43
What is the highest common factor of 196 and 263524016?
28
What is the highest common divisor of 325 and 1825382?
13
Calculate the highest common factor of 1848 and 8094394.
154
What is the greatest common divisor of 8660 and 2960260?
20
What is the greatest common divisor of 38 and 542232564?
38
What is the greatest common factor of 31688 and 70694064?
1864
Calculate the highest common factor of 1949381 and 11039.
133
What is the greatest common divisor of 1194050 and 63794?
334
Calculate the highest common divisor of 1672 and 4880832.
88
Calculate the highest common factor of 3285540 and 720.
180
What is the highest common divisor of 561 and 309141?
3
Calculate the highest common factor of 111896 and 2343.
71
Calculate the highest common factor of 128144 and 2672.
16
What is the highest common factor of 21564 and 3958192?
2396
What is the highest common divisor of 1500494 and 2616?
218
Calculate the highest common divisor of 40012 and 109228473.
1429
Calculate the highest common divisor of 96462785 and 238807.
5081
What is the greatest common factor of 15 and 3963008?
1
Calculate the greatest common divisor of 22800 and 407664.
912
What is the highest common divisor of 1092 and 38981397?
273
What is the highest common factor of 4730315 and 30?
5
What is the greatest common factor of 3054 and 8479940?
1018
Calculate the greatest common divisor of 17849160 and 1065.
15
What is the greatest common factor of 16198 and 127708?
14
What is the greatest common divisor of 7089 and 51663?
51
What is the highest common divisor of 18865616 and 1232?
1232
What is the highest common factor of 104375394 and 3278?
298
What is the greates